{"id":84,"date":"2021-03-19T17:41:18","date_gmt":"2021-03-19T16:41:18","guid":{"rendered":"https:\/\/www.podpoustkou.cz\/?page_id=84"},"modified":"2023-03-13T09:56:21","modified_gmt":"2023-03-13T08:56:21","slug":"cenik","status":"publish","type":"page","link":"https:\/\/www.podpoustkou.cz\/index.php\/cenik\/","title":{"rendered":"Cen\u00edk"},"content":{"rendered":"\n<figure class=\"wp-block-table is-style-stripes\"><table><thead><tr><th><\/th><th><\/th><th><strong>Objem<\/strong><br><strong>v\u00e1ha<\/strong><\/th><th><strong>Cena<\/strong><\/th><th><strong>P\u016fvod<\/strong><br><strong>olejniny<\/strong><\/th><\/tr><\/thead><tbody><tr><td><strong>M\u00e1k modr\u00fd<\/strong><\/td><td>olej<\/td><td>100 ml<\/td><td>134 K\u010d<\/td><td>Vyso\u010dina<\/td><\/tr><tr><td><\/td><td>olej<\/td><td>250 ml<\/td><td>240 K\u010d<\/td><td>Vyso\u010dina<\/td><\/tr><tr><td><\/td><td>olej<\/td><td>500 ml<\/td><td>456 K\u010d<\/td><td>Vyso\u010dina<\/td><\/tr><tr><td><\/td><td>pokrutiny<\/td><td>500 g<\/td><td>90 K\u010d<\/td><td>Vyso\u010dina<\/td><\/tr><tr><td><\/td><td>mouka<\/td><td>500 g<\/td><td>120 K\u010d<\/td><td>Vyso\u010dina<\/td><\/tr><tr><td><\/td><td>pasta<\/td><td>440 ml<\/td><td>300K\u010d<\/td><td>Vyso\u010dina<\/td><\/tr><tr><td><strong>M\u00e1k b\u00edl\u00fd<\/strong><\/td><td>olej<\/td><td>100 ml<\/td><td>151 K\u010d<\/td><td>Vyso\u010dina<\/td><\/tr><tr><td><\/td><td>olej<\/td><td>250 ml<\/td><td>270 K\u010d<\/td><td>Vyso\u010dina<\/td><\/tr><tr><td><\/td><td>olej<\/td><td>500 ml<\/td><td>524 K\u010d<\/td><td>Vyso\u010dina<\/td><\/tr><tr><td><\/td><td>pokrutiny<\/td><td>500 g<\/td><td>90 K\u010d<\/td><td>Vyso\u010dina<\/td><\/tr><tr><td><\/td><td>mouka<\/td><td>500 g<\/td><td>120 K\u010d<\/td><td>Vyso\u010dina<\/td><\/tr><tr><td><strong>Len hn\u011bd\u00fd<\/strong><\/td><td>olej<\/td><td>250 ml<\/td><td>140 K\u010d<\/td><td>Vyso\u010dina<\/td><\/tr><tr><td><\/td><td>olej<\/td><td>500 ml<\/td><td>266 K\u010d<\/td><td>Vyso\u010dina<\/td><\/tr><tr><td><\/td><td>pokrutiny<\/td><td>500 g <\/td><td>50 K\u010d <\/td><td>Vyso\u010dina<\/td><\/tr><tr><td><\/td><td>pokrutiny mlet\u00e9<\/td><td>500 g <\/td><td>70 K\u010d<\/td><td>Vyso\u010dina<\/td><\/tr><tr><td><\/td><td>pasta<\/td><td>440 ml<\/td><td>350 K\u010d<\/td><td>Vyso\u010dina<\/td><\/tr><tr><td><strong>Slune\u010dnice \u010dern\u00e1<\/strong><\/td><td>olej<\/td><td>250 ml<\/td><td>95 K\u010d<\/td><td>Ji\u017en\u00ed Morava<\/td><\/tr><tr><td><\/td><td>olej<\/td><td>500 ml<\/td><td>171 K\u010d<\/td><td>Ji\u017en\u00ed Morava<\/td><\/tr><tr><td><\/td><td>olej<\/td><td>1000 ml<\/td><td>323 K\u010d<\/td><td>Ji\u017en\u00ed Morava<\/td><\/tr><tr><td><strong>Ho\u0159\u010dice \u017elut\u00e1<\/strong><\/td><td>olej<\/td><td>100 ml<\/td><td>156 K\u010d<\/td><td>Vyso\u010dina<\/td><\/tr><tr><td><\/td><td>olej<\/td><td>250 ml<\/td><td>260 K\u010d<\/td><td>Vyso\u010dina<\/td><\/tr><tr><td><\/td><td>pokrutiny<\/td><td>150 g<\/td><td>80 K\u010d<\/td><td>Vyso\u010dina<\/td><\/tr><tr><td><strong>Ostropest\u0159ec mari\u00e1nsk\u00fd<\/strong><\/td><td>olej<\/td><td>100 ml<\/td><td>132 K\u010d<\/td><td>Orlicko-\u00dastecko<\/td><\/tr><tr><td><\/td><td>olej<\/td><td>250 ml<\/td><td>220 K\u010d<\/td><td>Orlicko-\u00dastecko<\/td><\/tr><tr><td><\/td><td>pokrutiny mlet\u00e9<\/td><td>500 g<\/td><td>90 K\u010d<\/td><td>Orlicko-\u00dastecko<\/td><\/tr><tr><td><\/td><td>pokrutiny mlet\u00e9<\/td><td>1000 g<\/td><td>180 K\u010d<\/td><td>Orlicko-\u00dastecko<\/td><\/tr><tr><td><\/td><td>pasta<\/td><td>440 ml<\/td><td>350 K\u010d<\/td><td>Vyso\u010dina<\/td><\/tr><tr><td><strong>Km\u00edn dvoulet\u00fd<\/strong><\/td><td>olej<\/td><td>10 ml<\/td><td>100 K\u010d<\/td><td>Vyso\u010dina<\/td><\/tr><tr><td><\/td><td>pokrutiny mlet\u00e9<\/td><td>500 g<\/td><td>120 K\u010d<\/td><td>Vyso\u010dina <\/td><\/tr><tr><td><strong>Konop\u00ed<\/strong><\/td><td>olej<\/td><td>100 ml<\/td><td>129 K\u010d<\/td><td>Orlicko-\u00dastecko<\/td><\/tr><tr><td><\/td><td>olej<\/td><td>250 ml<\/td><td>230 K\u010d<\/td><td>Orlicko-\u00dastecko<\/td><\/tr><tr><td><\/td><td>pokrutiny mlet\u00e9<\/td><td>150 g<\/td><td>81 K\u010d<\/td><td>Orlicko-\u00dastecko<\/td><\/tr><tr><td><\/td><td>pokrutiny mlet\u00e9<\/td><td>500 g<\/td><td>180 K\u010d<\/td><td>Orlicko-\u00dastecko<\/td><\/tr><tr><td><\/td><td>pasta<\/td><td>440 ml<\/td><td>300 K\u010d<\/td><td>Orlicko-\u00dastecko<\/td><\/tr><tr><td><strong>Sv\u011btlice barv\u00ed\u0159sk\u00e1<\/strong><\/td><td>olej<\/td><td>100 ml<\/td><td>188 K\u010d<\/td><td>Orlicko-\u00dastecko<\/td><\/tr><tr><td><\/td><td>olej<\/td><td>250 ml<\/td><td>235 K\u010d<\/td><td>Orlicko-\u00dastecko<\/td><\/tr><tr><td><\/td><td>olej<\/td><td>500 ml<\/td><td>456 K\u010d<\/td><td>Orlicko-\u00dastecko<\/td><\/tr><\/tbody><\/table><\/figure>\n\n\n\n<p><\/p>\n\n\n\n<p>Nejsem pl\u00e1tcem DPH.<\/p>\n\n\n\n<p>Cen\u00edk platn\u00fd od 1.2.2023<\/p>\n\n\n\n<p><\/p>\n","protected":false},"excerpt":{"rendered":"<p>Objemv\u00e1ha Cena P\u016fvodolejniny M\u00e1k modr\u00fd olej 100 ml 134 K\u010d Vyso\u010dina olej 250 ml 240 K\u010d Vyso\u010dina olej 500 ml 456 K\u010d Vyso\u010dina pokrutiny 500 g 90 K\u010d Vyso\u010dina mouka 500 g 120 K\u010d Vyso\u010dina pasta 440 ml 300K\u010d Vyso\u010dina M\u00e1k b\u00edl\u00fd olej 100 ml 151 K\u010d Vyso\u010dina olej 250 ml 270 K\u010d Vyso\u010dina olej [&hellip;]<\/p>\n","protected":false},"author":1,"featured_media":0,"parent":0,"menu_order":0,"comment_status":"closed","ping_status":"closed","template":"templates\/template-full-width.php","meta":{"footnotes":""},"class_list":["post-84","page","type-page","status-publish","hentry"],"_links":{"self":[{"href":"https:\/\/www.podpoustkou.cz\/index.php\/wp-json\/wp\/v2\/pages\/84","targetHints":{"allow":["GET"]}}],"collection":[{"href":"https:\/\/www.podpoustkou.cz\/index.php\/wp-json\/wp\/v2\/pages"}],"about":[{"href":"https:\/\/www.podpoustkou.cz\/index.php\/wp-json\/wp\/v2\/types\/page"}],"author":[{"embeddable":true,"href":"https:\/\/www.podpoustkou.cz\/index.php\/wp-json\/wp\/v2\/users\/1"}],"replies":[{"embeddable":true,"href":"https:\/\/www.podpoustkou.cz\/index.php\/wp-json\/wp\/v2\/comments?post=84"}],"version-history":[{"count":25,"href":"https:\/\/www.podpoustkou.cz\/index.php\/wp-json\/wp\/v2\/pages\/84\/revisions"}],"predecessor-version":[{"id":354,"href":"https:\/\/www.podpoustkou.cz\/index.php\/wp-json\/wp\/v2\/pages\/84\/revisions\/354"}],"wp:attachment":[{"href":"https:\/\/www.podpoustkou.cz\/index.php\/wp-json\/wp\/v2\/media?parent=84"}],"curies":[{"name":"wp","href":"https:\/\/api.w.org\/{rel}","templated":true}]}}