{"id":70,"date":"2021-03-19T16:44:51","date_gmt":"2021-03-19T16:44:51","guid":{"rendered":"https:\/\/www.podpoustkou.cz\/?page_id=70"},"modified":"2021-03-19T16:44:51","modified_gmt":"2021-03-19T16:44:51","slug":"vyzivove-hodnoty","status":"publish","type":"page","link":"https:\/\/www.podpoustkou.cz\/index.php\/vyzivove-hodnoty\/","title":{"rendered":"V\u00fd\u017eivov\u00e9 hodnoty"},"content":{"rendered":"\n<p>Na\u0161e v\u00fdrobky vznikaj\u00ed zpracov\u00e1n\u00ed surovin vyp\u011bstovan\u00fdch v\u00a0\u010cesk\u00e9 republice. V\u00fd\u017eivov\u00e9 hodnoty a dal\u0161\u00ed podrobnosti o jejich slo\u017een\u00ed m\u016f\u017eete naj\u00edt na str\u00e1nk\u00e1ch \u00daZEI &#8211; \u00dastavu zem\u011bd\u011blsk\u00e9 ekonomiky a informac\u00ed <\/p>\n\n\n\n<blockquote class=\"wp-block-quote is-layout-flow wp-block-quote-is-layout-flow\"><p><a href=\"https:\/\/www.nutridatabaze.cz\/\"><strong>nutridatabaze.cz\/<\/strong><\/a><\/p><cite>Centra pro datab\u00e1zi slo\u017een\u00ed potravin &#8211; Datab\u00e1ze slo\u017een\u00ed potravin \u010cR<\/cite><\/blockquote>\n\n\n\n<p><\/p>\n","protected":false},"excerpt":{"rendered":"<p>Na\u0161e v\u00fdrobky vznikaj\u00ed zpracov\u00e1n\u00ed surovin vyp\u011bstovan\u00fdch v\u00a0\u010cesk\u00e9 republice. V\u00fd\u017eivov\u00e9 hodnoty a dal\u0161\u00ed podrobnosti o jejich slo\u017een\u00ed m\u016f\u017eete naj\u00edt na str\u00e1nk\u00e1ch \u00daZEI &#8211; \u00dastavu zem\u011bd\u011blsk\u00e9 ekonomiky a informac\u00ed nutridatabaze.cz\/ Centra pro datab\u00e1zi slo\u017een\u00ed potravin &#8211; Datab\u00e1ze slo\u017een\u00ed potravin \u010cR<\/p>\n","protected":false},"author":1,"featured_media":0,"parent":0,"menu_order":0,"comment_status":"closed","ping_status":"closed","template":"","meta":{"footnotes":""},"class_list":["post-70","page","type-page","status-publish","hentry"],"_links":{"self":[{"href":"https:\/\/www.podpoustkou.cz\/index.php\/wp-json\/wp\/v2\/pages\/70","targetHints":{"allow":["GET"]}}],"collection":[{"href":"https:\/\/www.podpoustkou.cz\/index.php\/wp-json\/wp\/v2\/pages"}],"about":[{"href":"https:\/\/www.podpoustkou.cz\/index.php\/wp-json\/wp\/v2\/types\/page"}],"author":[{"embeddable":true,"href":"https:\/\/www.podpoustkou.cz\/index.php\/wp-json\/wp\/v2\/users\/1"}],"replies":[{"embeddable":true,"href":"https:\/\/www.podpoustkou.cz\/index.php\/wp-json\/wp\/v2\/comments?post=70"}],"version-history":[{"count":1,"href":"https:\/\/www.podpoustkou.cz\/index.php\/wp-json\/wp\/v2\/pages\/70\/revisions"}],"predecessor-version":[{"id":71,"href":"https:\/\/www.podpoustkou.cz\/index.php\/wp-json\/wp\/v2\/pages\/70\/revisions\/71"}],"wp:attachment":[{"href":"https:\/\/www.podpoustkou.cz\/index.php\/wp-json\/wp\/v2\/media?parent=70"}],"curies":[{"name":"wp","href":"https:\/\/api.w.org\/{rel}","templated":true}]}}