{"id":24,"date":"2021-03-19T16:15:47","date_gmt":"2021-03-19T16:15:47","guid":{"rendered":"https:\/\/www.podpoustkou.cz\/?page_id=24"},"modified":"2024-09-17T11:44:06","modified_gmt":"2024-09-17T10:44:06","slug":"o-nas","status":"publish","type":"page","link":"https:\/\/www.podpoustkou.cz\/","title":{"rendered":""},"content":{"rendered":"\n<p>V\u00e1\u017een\u00ed z\u00e1kazn\u00edci, <\/p>\n\n\n\n<p>v na\u0161\u00ed lisovn\u011b pravideln\u011b lisujeme na zak\u00e1zku, proto\u017ee \u010derstv\u00e9 v\u011bci v\u010detn\u011b olej\u016f jsou nejlep\u0161\u00ed. Lisujeme 1 &#8211; 2 x m\u011bs\u00ed\u010dn\u011b olejniny z&nbsp;na\u0161\u00ed nab\u00eddky v&nbsp;z\u00e1vislosti na jejich sez\u00f3nn\u00ed dostupnosti a Va\u0161em z\u00e1jmu.<\/p>\n\n\n\n<p>Za\u010d\u00edn\u00e1 sez\u00f3na <strong>jedl\u00fdch ka\u0161tan\u016f<\/strong>, v polovin\u011b \u0159\u00edjna by m\u011bly b\u00fdt zral\u00e9 ke sb\u011bru. Sez\u00f3na <strong>kdoul\u00ed <\/strong>a <strong>mi\u0161pul\u00ed <\/strong>je tak\u00e9 za dve\u0159mi. Pokud nezn\u00e1te nebo si chcete p\u0159ipomenout toto ovoce, zavolejte. <\/p>\n\n\n\n<p><\/p>\n\n\n\n<p>V\u00e1noce se bl\u00ed\u017e\u00ed a pro\u010d neud\u011blat radost Va\u0161\u00ed rodin\u011b, p\u0159\u00e1tel\u016fm nebo obchodn\u00edm partner\u016fm na\u0161imi oleji.<\/p>\n\n\n\n<p>Nab\u00edz\u00edme V\u00e1m t\u0159i druhy balen\u00ed:<\/p>\n\n\n\n<ul class=\"wp-block-list\">\n<li>Pap\u00edrov\u00e1 krabice v&nbsp;p\u0159\u00edrodn\u00ed barv\u011b <strong>v\u011bt\u0161\u00ed<\/strong> (33 x 22,5 x 6 cm) vystlan\u00e9 d\u0159evitou vlnou. Do tohoto obalu se vejdou maxim\u00e1ln\u011b 3 l\u00e1hve po 500 ml, nebo 5 lahv\u00ed po 250 ml. Cena 60 K\u010d.<\/li>\n\n\n\n<li>Pap\u00edrov\u00e1 krabice v&nbsp;p\u0159\u00edrodn\u00ed barv\u011b <strong>men\u0161\u00ed<\/strong> (27 x 20,5 x 5,5 cm) vystlan\u00e9 d\u0159evitou vlnou. Do tohoto obalu se vejdou maxim\u00e1ln\u011b 3 l\u00e1hve po 250 ml, nebo 5 lahv\u00ed po 100 ml. Cena 50 K\u010d.<\/li>\n\n\n\n<li>Pap\u00edrov\u00e1 <strong>ta\u0161ka<\/strong> v&nbsp;p\u0159\u00edrodn\u00ed barv\u011b (24 x 18 x 8 cm). Do tohoto obalu se vejdou maxim\u00e1ln\u011b 3 l\u00e1hve po 250 ml, nebo 4 l\u00e1hve po 100 ml. Zdarma.<\/li>\n<\/ul>\n\n\n\n<p>Do jednotliv\u00fdch obal\u016f se samoz\u0159ejm\u011b d\u00e1 d\u00e1t m\u00e9n\u011b produkt\u016f p\u0159\u00edpadn\u011b kombinovat s\u00a0men\u0161\u00edmi lahvemi, pokrutinami. Pasty se do tohoto druhu obalu nevejdou.<\/p>\n\n\n\n<figure class=\"wp-block-image size-full\"><img loading=\"lazy\" decoding=\"async\" width=\"455\" height=\"275\" src=\"https:\/\/www.podpoustkou.cz\/wp-content\/uploads\/2023\/10\/image.png\" alt=\"\" class=\"wp-image-418\" srcset=\"https:\/\/www.podpoustkou.cz\/wp-content\/uploads\/2023\/10\/image.png 455w, https:\/\/www.podpoustkou.cz\/wp-content\/uploads\/2023\/10\/image-300x181.png 300w\" sizes=\"auto, (max-width: 455px) 100vw, 455px\" \/><\/figure>\n\n\n\n<figure class=\"wp-block-image size-full is-resized\"><img loading=\"lazy\" decoding=\"async\" width=\"403\" height=\"275\" src=\"https:\/\/www.podpoustkou.cz\/wp-content\/uploads\/2023\/10\/image-1.png\" alt=\"\" class=\"wp-image-419\" style=\"width:455px;height:310px\" srcset=\"https:\/\/www.podpoustkou.cz\/wp-content\/uploads\/2023\/10\/image-1.png 403w, https:\/\/www.podpoustkou.cz\/wp-content\/uploads\/2023\/10\/image-1-300x205.png 300w\" sizes=\"auto, (max-width: 403px) 100vw, 403px\" \/><\/figure>\n\n\n\n<p>Mezi dal\u0161\u00ed produkty, kter\u00e9 nab\u00edz\u00edme pat\u0159\u00ed leto\u0161n\u00ed <strong>med kv\u011btov\u00fd<\/strong> (200K\u010d\/kg). \u00daly jsou v sadu v Pozo\u0159ic\u00edch.<\/p>\n\n\n\n<p>Pokud m\u00e1te z\u00e1jem o na\u0161e produkty, nev\u00e1hejte a zjist\u011bte si aktu\u00e1ln\u00ed dostupnost e-mailem nebo zavolejte. Rovn\u011b\u017e se domluv\u00ed zp\u016fsob p\u0159ed\u00e1n\u00ed. Do Brna lze dopravit zpravidla denn\u011b.<\/p>\n\n\n\n<p>N\u00e1\u0161 sortiment jsme roz\u0161\u00ed\u0159ili o pasty (konop\u00ed, m\u00e1k, ostropest\u0159ec, ho\u0159\u010dice). Pasta je ve skute\u010dnosti sm\u011bs oleje a velice jemn\u00fdch \u010d\u00e1ste\u010dek vlastn\u00ed suroviny, kter\u00e9 se usadily v nerezov\u00fdch z\u00e1sobn\u00edch pou\u017e\u00edvan\u00fdch ke st\u00e1\u010den\u00ed olej\u016f. Je tedy jedno-druhov\u00e1 bez dal\u0161\u00edch p\u0159\u00edsad. Pasty bal\u00edme do 440 ml sklenic se \u0161roubovac\u00edm uz\u00e1v\u011brem. Jemn\u00fdch past vznik\u00e1 pouze mal\u00e9 mno\u017estv\u00ed. Hrubou pastu si m\u016f\u017ee vyrobit ka\u017ed\u00fd s\u00e1m prom\u00edch\u00e1n\u00edm oleje a pokrutin.<\/p>\n\n\n\n<p>Ho\u0159\u010dice je v podstat\u011b pasta z ho\u0159\u010di\u010dn\u00e9ho sem\u00ednka a oleje s dal\u0161\u00edmi chu\u0165ov\u00fdmi p\u0159\u00edsadami. Pokrutiny z ho\u0159\u010dice jsou standardn\u011b z\u00e1kladem pro v\u00fdrobu ho\u0159\u010dice. Recept na <strong>dom\u00e1c\u00ed ho\u0159\u010dici<\/strong> zat\u00edm lad\u00edme. Inspiraci m\u016f\u017eete naj\u00edt nap\u0159\u00edklad zde: <a href=\"http:\/\/makova-panenka.cz\/rady\/vyroba-domaci-horcice-bez-domaci-horcice-se-uz-neobejdu\/\" target=\"_blank\" rel=\"noreferrer noopener\">http:\/\/makova-panenka.cz\/rady\/vyroba-domaci-horcice-bez-domaci-horcice-se-uz-neobejdu\/<\/a>. V\u0161echny na\u0161e suroviny jsou tuzemsk\u00e9ho p\u016fvodu.<\/p>\n\n\n\n<p><\/p>\n\n\n\n<p><\/p>\n\n\n\n<p><\/p>\n\n\n\n<p><\/p>\n","protected":false},"excerpt":{"rendered":"<p>V\u00e1\u017een\u00ed z\u00e1kazn\u00edci, v na\u0161\u00ed lisovn\u011b pravideln\u011b lisujeme na zak\u00e1zku, proto\u017ee \u010derstv\u00e9 v\u011bci v\u010detn\u011b olej\u016f jsou nejlep\u0161\u00ed. Lisujeme 1 &#8211; 2 x m\u011bs\u00ed\u010dn\u011b olejniny z&nbsp;na\u0161\u00ed nab\u00eddky v&nbsp;z\u00e1vislosti na jejich sez\u00f3nn\u00ed dostupnosti a Va\u0161em z\u00e1jmu. Za\u010d\u00edn\u00e1 sez\u00f3na jedl\u00fdch ka\u0161tan\u016f, v polovin\u011b \u0159\u00edjna by m\u011bly b\u00fdt zral\u00e9 ke sb\u011bru. Sez\u00f3na kdoul\u00ed a mi\u0161pul\u00ed je tak\u00e9 za dve\u0159mi. Pokud [&hellip;]<\/p>\n","protected":false},"author":1,"featured_media":423,"parent":0,"menu_order":0,"comment_status":"closed","ping_status":"closed","template":"","meta":{"footnotes":""},"class_list":["post-24","page","type-page","status-publish","has-post-thumbnail","hentry"],"_links":{"self":[{"href":"https:\/\/www.podpoustkou.cz\/index.php\/wp-json\/wp\/v2\/pages\/24","targetHints":{"allow":["GET"]}}],"collection":[{"href":"https:\/\/www.podpoustkou.cz\/index.php\/wp-json\/wp\/v2\/pages"}],"about":[{"href":"https:\/\/www.podpoustkou.cz\/index.php\/wp-json\/wp\/v2\/types\/page"}],"author":[{"embeddable":true,"href":"https:\/\/www.podpoustkou.cz\/index.php\/wp-json\/wp\/v2\/users\/1"}],"replies":[{"embeddable":true,"href":"https:\/\/www.podpoustkou.cz\/index.php\/wp-json\/wp\/v2\/comments?post=24"}],"version-history":[{"count":66,"href":"https:\/\/www.podpoustkou.cz\/index.php\/wp-json\/wp\/v2\/pages\/24\/revisions"}],"predecessor-version":[{"id":435,"href":"https:\/\/www.podpoustkou.cz\/index.php\/wp-json\/wp\/v2\/pages\/24\/revisions\/435"}],"wp:featuredmedia":[{"embeddable":true,"href":"https:\/\/www.podpoustkou.cz\/index.php\/wp-json\/wp\/v2\/media\/423"}],"wp:attachment":[{"href":"https:\/\/www.podpoustkou.cz\/index.php\/wp-json\/wp\/v2\/media?parent=24"}],"curies":[{"name":"wp","href":"https:\/\/api.w.org\/{rel}","templated":true}]}}